{"id":310,"date":"2025-07-24T13:20:21","date_gmt":"2025-07-24T11:20:21","guid":{"rendered":"https:\/\/dhd2026.digitalhumanities.de\/?page_id=310"},"modified":"2026-02-11T15:16:05","modified_gmt":"2026-02-11T14:16:05","slug":"veranstalter","status":"publish","type":"page","link":"https:\/\/dhd2026.digitalhumanities.de\/?page_id=310","title":{"rendered":"Veranstalter"},"content":{"rendered":"\n<h3 class=\"wp-block-heading\">Die Universit\u00e4t Wien<\/h3>\n\n\n\n<figure class=\"wp-block-image size-large\"><img decoding=\"async\" src=\"https:\/\/dhd2026.digitalhumanities.de\/wp-content\/uploads\/2025\/05\/image.png\" alt=\"\"\/><\/figure>\n\n\n\n<p>Die 1365 von Herzog Rudolf IV. gegr\u00fcndete Universit\u00e4t Wien ist ein faszinierender und authentischer Ort f\u00fcr den akademischen Austausch. Besuchen Sie uns, um Ideen auszutauschen und wertvolle Kontakte zu kn\u00fcpfen, wandeln Sie durch dieselben Hallen wie Sigmund Freud, Erwin Schr\u00f6dinger und Anton Bruckner und erfahren Sie mehr \u00fcber die lange Geschichte der \u00e4ltesten Universit\u00e4t im deutschsprachigen Raum.<\/p>\n\n\n\n<p class=\"is-style-text-subtitle has-x-large-font-size\">Konferenzveranstalter<\/p>\n\n\n\n<p><strong>Leitung des Organisationskomitees<\/strong><\/p>\n\n\n\n<p>Univ.-Prof. Mag. Dr. Tara Andrews<\/p>\n\n\n\n<p>Mag. Dr. Thomas J.J. Wallnig, Privatdoz. MAS<\/p>\n\n\n\n<p><strong>Programmkomitee<\/strong><\/p>\n\n\n\n<p>Univ.-Prof. Dr. Noah Bubenhofer<\/p>\n\n\n\n<p>Dr. Anna Busch<\/p>\n\n\n\n<p>Dr. Katrin Glinka<\/p>\n\n\n\n<p>Dr. Thomas Haider<\/p>\n\n\n\n<p>Jaqueline Klusik-Eckert, M.A.<\/p>\n\n\n\n<p>Univ.-Prof. Dr. Nils Reiter<\/p>\n\n\n\n<p>Mag. Dr. Martina Scholger<\/p>\n\n\n\n<p>Univ.-Prof. Dr. Silke Schwandt<\/p>\n\n\n\n<p>Mag. Peter Stadler<\/p>\n\n\n\n<p>Univ.-Prof. Dr. Gabriel Viehhauser<\/p>\n\n\n\n<p>Dr. Jo\u00eblle Weis<\/p>\n\n\n\n<p>Univ.-Prof. Dr. Ulrike Wuttke<\/p>\n\n\n\n<p><strong>DHd Kontaktperson<\/strong><\/p>\n\n\n\n<p>Univ.-Prof. Dr. Gabriel Viehhauser<\/p>\n\n\n\n<p><strong>Wissenschaftliche Berater:innen<\/strong><\/p>\n\n\n\n<p>Univ.-Prof. Dr. -Ing.Benjamin Roth, B.Sc. M.Sc.<\/p>\n\n\n\n<p>Univ.-Prof. Dr. Raphael Rosenberg<\/p>\n\n\n\n<p>Assoz. Prof. Dipl.-Geophys. Immo Trinks, Privatdoz. PhD<\/p>\n\n\n\n<p>Univ.-Prof. Mag. Dr. Christina Lutter<\/p>\n\n\n\n<p>Univ.-Prof. Dr. Stephan M\u00fcller<\/p>\n\n\n\n<p>Univ.-Prof. Torsten M\u00f6ller, PhD<\/p>\n\n\n\n<p><strong>Fundraising und Koordination mit Partnern<\/strong><\/p>\n\n\n\n<p>Univ.-Prof. Mag. Hannes Fellner, MA PhD<\/p>\n\n\n\n<p>Ass.-Prof. Mag. Mag. Dr. Andreas Baumann<\/p>\n\n\n\n<p><strong>Interne Koordination, Kommunikation, Infrastruktur<\/strong><\/p>\n\n\n\n<p>Ass.-Prof. M\u00e1ria Vargha MA MA PhD<\/p>\n\n\n\n<p>Lisa Teichmann, MA PhD<\/p>\n\n\n\n<p>Liam Downs-Tepper, BA MA<\/p>\n\n\n\n<p>Mart Makkink, BA MA MPhil<\/p>\n\n\n\n<p>Bj\u00f6rk Ko\u0161ir, BA MA MA<\/p>\n\n\n\n<p>Mag. Martin Gasteiner<\/p>\n\n\n\n<p>Petra Sch\u00f6nfelder<\/p>\n\n\n\n<p><strong>Conftool-Betrieb<\/strong><\/p>\n\n\n\n<p>Dr. Beatrice Nava<\/p>\n\n\n\n<p>Carl Friedrich Haak, B.A. MA<\/p>\n\n\n\n<p><strong>Studierendenvertretung<\/strong><\/p>\n\n\n\n<p>Robin Luger, BA<\/p>\n\n\n\n<p>Juliane Rabea Benson, B.A.<\/p>\n\n\n\n<p><\/p>\n","protected":false},"excerpt":{"rendered":"<p>Die Universit\u00e4t Wien Die 1365 von Herzog Rudolf IV. gegr\u00fcndete Universit\u00e4t Wien ist ein faszinierender und authentischer Ort f\u00fcr den akademischen Austausch. Besuchen Sie uns, um Ideen auszutauschen und wertvolle Kontakte zu kn\u00fcpfen, wandeln Sie durch dieselben Hallen wie Sigmund Freud, Erwin Schr\u00f6dinger und Anton Bruckner und erfahren Sie mehr \u00fcber die lange Geschichte der [&hellip;]<\/p>\n","protected":false},"author":6,"featured_media":0,"parent":0,"menu_order":7,"comment_status":"closed","ping_status":"closed","template":"wp-custom-template-footer-german","meta":{"inline_featured_image":false,"footnotes":""},"class_list":["post-310","page","type-page","status-publish","hentry"],"_links":{"self":[{"href":"https:\/\/dhd2026.digitalhumanities.de\/index.php?rest_route=\/wp\/v2\/pages\/310","targetHints":{"allow":["GET"]}}],"collection":[{"href":"https:\/\/dhd2026.digitalhumanities.de\/index.php?rest_route=\/wp\/v2\/pages"}],"about":[{"href":"https:\/\/dhd2026.digitalhumanities.de\/index.php?rest_route=\/wp\/v2\/types\/page"}],"author":[{"embeddable":true,"href":"https:\/\/dhd2026.digitalhumanities.de\/index.php?rest_route=\/wp\/v2\/users\/6"}],"replies":[{"embeddable":true,"href":"https:\/\/dhd2026.digitalhumanities.de\/index.php?rest_route=%2Fwp%2Fv2%2Fcomments&post=310"}],"version-history":[{"count":11,"href":"https:\/\/dhd2026.digitalhumanities.de\/index.php?rest_route=\/wp\/v2\/pages\/310\/revisions"}],"predecessor-version":[{"id":1202,"href":"https:\/\/dhd2026.digitalhumanities.de\/index.php?rest_route=\/wp\/v2\/pages\/310\/revisions\/1202"}],"wp:attachment":[{"href":"https:\/\/dhd2026.digitalhumanities.de\/index.php?rest_route=%2Fwp%2Fv2%2Fmedia&parent=310"}],"curies":[{"name":"wp","href":"https:\/\/api.w.org\/{rel}","templated":true}]}}