{"id":791,"date":"2025-11-27T15:41:54","date_gmt":"2025-11-27T14:41:54","guid":{"rendered":"https:\/\/dhd2026.digitalhumanities.de\/?page_id=791"},"modified":"2026-02-27T08:43:42","modified_gmt":"2026-02-27T07:43:42","slug":"keynote-speakers","status":"publish","type":"page","link":"https:\/\/dhd2026.digitalhumanities.de\/?page_id=791","title":{"rendered":"Keynote Speakers"},"content":{"rendered":"\t\t<div data-elementor-type=\"wp-page\" data-elementor-id=\"791\" class=\"elementor elementor-791\">\n\t\t\t\t<div class=\"elementor-element elementor-element-feef34f e-flex e-con-boxed e-con e-parent\" data-id=\"feef34f\" data-element_type=\"container\" data-e-type=\"container\">\n\t\t\t\t\t<div class=\"e-con-inner\">\n\t\t\t\t<div class=\"elementor-element elementor-element-ad1b061 elementor-widget elementor-widget-heading\" data-id=\"ad1b061\" data-element_type=\"widget\" data-e-type=\"widget\" data-widget_type=\"heading.default\">\n\t\t\t\t\t<h2 class=\"elementor-heading-title elementor-size-default\">Opening Keynote<\/h2>\t\t\t\t<\/div>\n\t\t\t\t\t<\/div>\n\t\t\t\t<\/div>\n\t\t<div class=\"elementor-element elementor-element-27a029c e-flex e-con-boxed e-con e-parent\" data-id=\"27a029c\" data-element_type=\"container\" data-e-type=\"container\">\n\t\t\t\t\t<div class=\"e-con-inner\">\n\t\t\t\t<div class=\"elementor-element elementor-element-ba8d88f elementor-widget elementor-widget-image\" data-id=\"ba8d88f\" data-element_type=\"widget\" data-e-type=\"widget\" data-widget_type=\"image.default\">\n\t\t\t\t\t\t\t\t\t\t\t\t\t\t\t<img fetchpriority=\"high\" decoding=\"async\" width=\"768\" height=\"511\" src=\"https:\/\/dhd2026.digitalhumanities.de\/wp-content\/uploads\/2025\/11\/headshot-768x511.jpg\" class=\"attachment-medium_large size-medium_large wp-image-803\" alt=\"\" srcset=\"https:\/\/dhd2026.digitalhumanities.de\/wp-content\/uploads\/2025\/11\/headshot-768x511.jpg 768w, https:\/\/dhd2026.digitalhumanities.de\/wp-content\/uploads\/2025\/11\/headshot-300x200.jpg 300w, https:\/\/dhd2026.digitalhumanities.de\/wp-content\/uploads\/2025\/11\/headshot.jpg 886w\" sizes=\"(max-width: 768px) 100vw, 768px\" \/>\t\t\t\t\t\t\t\t\t\t\t\t\t\t\t<\/div>\n\t\t\t\t\t<\/div>\n\t\t\t\t<\/div>\n\t\t<div class=\"elementor-element elementor-element-811956d e-flex e-con-boxed e-con e-parent\" data-id=\"811956d\" data-element_type=\"container\" data-e-type=\"container\">\n\t\t\t\t\t<div class=\"e-con-inner\">\n\t\t\t\t<div class=\"elementor-element elementor-element-bd7929c elementor-widget elementor-widget-text-editor\" data-id=\"bd7929c\" data-element_type=\"widget\" data-e-type=\"widget\" data-widget_type=\"text-editor.default\">\n\t\t\t\t\t\t\t\t\t<p><strong>Miriah Meyer<\/strong> ist Professorin am Fachbereich Wissenschaft und Technologie der Universit\u00e4t Link\u00f6ping und wird durch das WASP-Programm gef\u00f6rdert. Ihre Forschung konzentriert sich auf die Entwicklung von Visualisierungstools, die eine explorative und reflektierende Datenanalyse unterst\u00fctzen und neue Ideen f\u00fcr die Nutzung von Daten in unserem Leben liefern. Diese Tools erm\u00f6glichen es Menschen, mehr \u00fcber ihre Daten zu erfahren, ihre Perspektiven neu zu definieren und ihr Denken zu revolutionieren. Sie erwarb ihren Bachelor-Abschluss in Astronomie und Astrophysik an der Penn State University, promovierte in Informatik an der University of Utah und absolvierte ein Postdoktorandenstipendium an der Harvard University. Bevor sie zur Fakult\u00e4t der LiU kam, war sie assoziierte Professorin an der School of Computing der University of Utah und Mitglied des Vis Design Lab am Scientific Computing &amp; Imaging Institute.<\/p>\t\t\t\t\t\t\t\t<\/div>\n\t\t\t\t\t<\/div>\n\t\t\t\t<\/div>\n\t\t<div class=\"elementor-element elementor-element-05c4fad e-flex e-con-boxed e-con e-parent\" data-id=\"05c4fad\" data-element_type=\"container\" data-e-type=\"container\">\n\t\t\t\t\t<div class=\"e-con-inner\">\n\t\t<div class=\"elementor-element elementor-element-7189619 e-con-full e-flex e-con e-child\" data-id=\"7189619\" data-element_type=\"container\" data-e-type=\"container\">\n\t\t\t\t<div class=\"elementor-element elementor-element-e78257a elementor-widget elementor-widget-heading\" data-id=\"e78257a\" data-element_type=\"widget\" data-e-type=\"widget\" data-widget_type=\"heading.default\">\n\t\t\t\t\t<h2 class=\"elementor-heading-title elementor-size-default\">Data As _______: Exploring the Plurality of Data in Visualization<\/h2>\t\t\t\t<\/div>\n\t\t\t\t<\/div>\n\t\t\t\t\t<\/div>\n\t\t\t\t<\/div>\n\t\t<div class=\"elementor-element elementor-element-9edd7b0 e-flex e-con-boxed e-con e-parent\" data-id=\"9edd7b0\" data-element_type=\"container\" data-e-type=\"container\">\n\t\t\t\t\t<div class=\"e-con-inner\">\n\t\t\t\t<div class=\"elementor-element elementor-element-d9b1392 elementor-widget elementor-widget-text-editor\" data-id=\"d9b1392\" data-element_type=\"widget\" data-e-type=\"widget\" data-widget_type=\"text-editor.default\">\n\t\t\t\t\t\t\t\t\t<p>Was sind Daten? Sind es nur Zahlen, Zeichen oder Symbole, oder geh\u00f6rt auch ihre Bedeutung dazu? Wer oder was erzeugt Daten, und wie entstehen sie? Was gilt als Daten und was nicht?<\/p><p>Auf diese Fragen gibt es keine richtigen oder falschen Antworten. Doch sie zu stellen, schafft eine Grundlage daf\u00fcr, die Rolle von Visualisierungen \u2013 und von Daten \u2013 in Forschung und Wissenschaft neu zu \u00fcberdenken. In diesem Vortrag werde ich vier unterschiedliche Perspektiven auf Daten vorstellen, die die Bandbreite der Ans\u00e4tze widerspiegeln, mit denen Visualisierungsforscher*innen arbeiten. Diese Perspektiven klar voneinander abzugrenzen, er\u00f6ffnet neue M\u00f6glichkeiten daf\u00fcr, wie wir Daten und Visualisierungen erstellen und nutzen, und wie wir zugleich unsere g\u00e4ngigen Vorstellungen datengetriebener Arbeit hinterfragen k\u00f6nnen.<\/p>\t\t\t\t\t\t\t\t<\/div>\n\t\t\t\t\t<\/div>\n\t\t\t\t<\/div>\n\t\t<div class=\"elementor-element elementor-element-76867a7 e-flex e-con-boxed e-con e-parent\" data-id=\"76867a7\" data-element_type=\"container\" data-e-type=\"container\">\n\t\t\t\t\t<div class=\"e-con-inner\">\n\t\t\t\t<div class=\"elementor-element elementor-element-4742599 elementor-widget elementor-widget-heading\" data-id=\"4742599\" data-element_type=\"widget\" data-e-type=\"widget\" data-widget_type=\"heading.default\">\n\t\t\t\t\t<h2 class=\"elementor-heading-title elementor-size-default\">24.02.2026 um 18:00 Uhr <\/h2>\t\t\t\t<\/div>\n\t\t\t\t\t<\/div>\n\t\t\t\t<\/div>\n\t\t<div class=\"elementor-element elementor-element-d76b483 e-flex e-con-boxed e-con e-parent\" data-id=\"d76b483\" data-element_type=\"container\" data-e-type=\"container\">\n\t\t\t\t\t<div class=\"e-con-inner\">\n\t\t\t\t<div class=\"elementor-element elementor-element-733a170 elementor-align-center e-transform elementor-widget elementor-widget-button\" data-id=\"733a170\" data-element_type=\"widget\" data-e-type=\"widget\" data-settings=\"{&quot;_transform_scale_effect&quot;:{&quot;unit&quot;:&quot;px&quot;,&quot;size&quot;:1.5,&quot;sizes&quot;:[]},&quot;_transform_scale_effect_tablet&quot;:{&quot;unit&quot;:&quot;px&quot;,&quot;size&quot;:&quot;&quot;,&quot;sizes&quot;:[]},&quot;_transform_scale_effect_mobile&quot;:{&quot;unit&quot;:&quot;px&quot;,&quot;size&quot;:&quot;&quot;,&quot;sizes&quot;:[]}}\" data-widget_type=\"button.default\">\n\t\t\t\t\t\t\t\t\t\t<a class=\"elementor-button elementor-button-link elementor-size-sm\" href=\"https:\/\/univienna.zoom.us\/j\/66736642977?pwd=utpi0RbyskU2xbB5PUFQKbXphl4woW.1\" target=\"_blank\">\n\t\t\t\t\t\t<span class=\"elementor-button-content-wrapper\">\n\t\t\t\t\t\t\t\t\t<span class=\"elementor-button-text\">Zoom-Link<\/span>\n\t\t\t\t\t<\/span>\n\t\t\t\t\t<\/a>\n\t\t\t\t\t\t\t\t<\/div>\n\t\t\t\t\t<\/div>\n\t\t\t\t<\/div>\n\t\t<div class=\"elementor-element elementor-element-00b9681 e-flex e-con-boxed e-con e-parent\" data-id=\"00b9681\" data-element_type=\"container\" data-e-type=\"container\">\n\t\t\t\t\t<div class=\"e-con-inner\">\n\t\t\t\t<div class=\"elementor-element elementor-element-7def1dd elementor-widget elementor-widget-spacer\" data-id=\"7def1dd\" data-element_type=\"widget\" data-e-type=\"widget\" data-widget_type=\"spacer.default\">\n\t\t\t\t\t\t\t<div class=\"elementor-spacer\">\n\t\t\t<div class=\"elementor-spacer-inner\"><\/div>\n\t\t<\/div>\n\t\t\t\t\t\t<\/div>\n\t\t\t\t\t<\/div>\n\t\t\t\t<\/div>\n\t\t<div class=\"elementor-element elementor-element-9605df4 e-flex e-con-boxed e-con e-parent\" data-id=\"9605df4\" data-element_type=\"container\" data-e-type=\"container\">\n\t\t\t\t\t<div class=\"e-con-inner\">\n\t\t\t\t<div class=\"elementor-element elementor-element-cb7a0f7 elementor-widget-divider--view-line elementor-widget elementor-widget-divider\" data-id=\"cb7a0f7\" data-element_type=\"widget\" data-e-type=\"widget\" data-widget_type=\"divider.default\">\n\t\t\t\t\t\t\t<div class=\"elementor-divider\">\n\t\t\t<span class=\"elementor-divider-separator\">\n\t\t\t\t\t\t<\/span>\n\t\t<\/div>\n\t\t\t\t\t\t<\/div>\n\t\t\t\t\t<\/div>\n\t\t\t\t<\/div>\n\t\t<div class=\"elementor-element elementor-element-95746b4 e-flex e-con-boxed e-con e-parent\" data-id=\"95746b4\" data-element_type=\"container\" data-e-type=\"container\">\n\t\t\t\t\t<div class=\"e-con-inner\">\n\t\t\t\t<div class=\"elementor-element elementor-element-5bc8417 elementor-widget elementor-widget-spacer\" data-id=\"5bc8417\" data-element_type=\"widget\" data-e-type=\"widget\" data-widget_type=\"spacer.default\">\n\t\t\t\t\t\t\t<div class=\"elementor-spacer\">\n\t\t\t<div class=\"elementor-spacer-inner\"><\/div>\n\t\t<\/div>\n\t\t\t\t\t\t<\/div>\n\t\t\t\t\t<\/div>\n\t\t\t\t<\/div>\n\t\t<div class=\"elementor-element elementor-element-e6a6a4f e-flex e-con-boxed e-con e-parent\" data-id=\"e6a6a4f\" data-element_type=\"container\" data-e-type=\"container\">\n\t\t\t\t\t<div class=\"e-con-inner\">\n\t\t\t\t<div class=\"elementor-element elementor-element-ba5390d elementor-widget elementor-widget-heading\" data-id=\"ba5390d\" data-element_type=\"widget\" data-e-type=\"widget\" data-widget_type=\"heading.default\">\n\t\t\t\t\t<h2 class=\"elementor-heading-title elementor-size-default\">Closing Keynote<\/h2>\t\t\t\t<\/div>\n\t\t\t\t\t<\/div>\n\t\t\t\t<\/div>\n\t\t<div class=\"elementor-element elementor-element-9cb9103 e-flex e-con-boxed e-con e-parent\" data-id=\"9cb9103\" data-element_type=\"container\" data-e-type=\"container\">\n\t\t\t\t\t<div class=\"e-con-inner\">\n\t\t\t\t<div class=\"elementor-element elementor-element-2adb7f9 elementor-widget elementor-widget-image\" data-id=\"2adb7f9\" data-element_type=\"widget\" data-e-type=\"widget\" data-widget_type=\"image.default\">\n\t\t\t\t\t\t\t\t\t\t\t\t\t\t\t<img decoding=\"async\" width=\"768\" height=\"512\" src=\"https:\/\/dhd2026.digitalhumanities.de\/wp-content\/uploads\/2025\/11\/Kinder-Kurlanda_Foto-KK-768x512.jpg\" class=\"attachment-medium_large size-medium_large wp-image-797\" alt=\"\" srcset=\"https:\/\/dhd2026.digitalhumanities.de\/wp-content\/uploads\/2025\/11\/Kinder-Kurlanda_Foto-KK-768x512.jpg 768w, https:\/\/dhd2026.digitalhumanities.de\/wp-content\/uploads\/2025\/11\/Kinder-Kurlanda_Foto-KK-300x200.jpg 300w, https:\/\/dhd2026.digitalhumanities.de\/wp-content\/uploads\/2025\/11\/Kinder-Kurlanda_Foto-KK.jpg 886w\" sizes=\"(max-width: 768px) 100vw, 768px\" \/>\t\t\t\t\t\t\t\t\t\t\t\t\t\t\t<\/div>\n\t\t\t\t<div class=\"elementor-element elementor-element-60704e8 elementor-widget elementor-widget-text-editor\" data-id=\"60704e8\" data-element_type=\"widget\" data-e-type=\"widget\" data-widget_type=\"text-editor.default\">\n\t\t\t\t\t\t\t\t\t<p><strong>Katharina Kinder-Kurlanda<\/strong> ist seit 2021 Professorin f\u00fcr Humanwissenschaft des Digitalen an der Universit\u00e4t Klagenfurt in \u00d6sterreich. Zuvor war sie von 2016 bis 2021 Teamleiterin f\u00fcr \u201eData Linking &amp; Data Security\u201c am GESIS \u2013 Leibniz\u2011Institut f\u00fcr Sozialwissenschaften in K\u00f6ln. Ihre akademische Ausbildung umfasst ein Studium der Kultur\u00adanthropologie, Informatik und Geschichte an der Eberhard Karls\u2011Universit\u00e4t T\u00fcbingen und der Johann Wolfgang Goethe\u2011Universit\u00e4t Frankfurt am Main sowie eine Promotion an der Lancaster University zum Thema \u201eUbiquitous Computing in Industrial Workplaces\u201c. Sie arbeitet interdisziplin\u00e4r in den Digital Humanities, den Science and Technology Studies, der Techniksoziologie und der Internetforschung und ihre Forschungsinteressen sind neue Epistemologien f\u00fcr Big Data, Algorithmen im Alltag, Datenpraktiken, Social Casual\u00a0Games und (faire) K\u00fcnstliche Intelligenz.<\/p>\t\t\t\t\t\t\t\t<\/div>\n\t\t\t\t\t<\/div>\n\t\t\t\t<\/div>\n\t\t<div class=\"elementor-element elementor-element-5cd1034 e-flex e-con-boxed e-con e-parent\" data-id=\"5cd1034\" data-element_type=\"container\" data-e-type=\"container\">\n\t\t\t\t\t<div class=\"e-con-inner\">\n\t\t\t\t<div class=\"elementor-element elementor-element-2be7182 elementor-widget elementor-widget-heading\" data-id=\"2be7182\" data-element_type=\"widget\" data-e-type=\"widget\" data-widget_type=\"heading.default\">\n\t\t\t\t\t<h2 class=\"elementor-heading-title elementor-size-default\">Digital Humanities Unpacked: The Politics and Practices of Data Work<\/h2>\t\t\t\t<\/div>\n\t\t\t\t\t<\/div>\n\t\t\t\t<\/div>\n\t\t<div class=\"elementor-element elementor-element-bc08762 e-flex e-con-boxed e-con e-parent\" data-id=\"bc08762\" data-element_type=\"container\" data-e-type=\"container\">\n\t\t\t\t\t<div class=\"e-con-inner\">\n\t\t\t\t<div class=\"elementor-element elementor-element-814c8f5 elementor-widget elementor-widget-text-editor\" data-id=\"814c8f5\" data-element_type=\"widget\" data-e-type=\"widget\" data-widget_type=\"text-editor.default\">\n\t\t\t\t\t\t\t\t\t<p style=\"font-weight: 400;\">Gegenw\u00e4rtig richten die Digital Humanities ihr Augenmerk zunehmend auf die nachhaltige Bewahrung der Methoden, Algorithmen und Daten\u00adtransformationen, durch die neue Erkenntnisse \u00fcberhaupt erst m\u00f6glich werden. Die Erzeugung von Daten bleibt ein zentrales Anliegen, ist jedoch auch Ausgangspunkt und Grundlage zeitgen\u00f6ssischer Forschungsprojekte. Dieser Umstand bietet die Chance, die Einbettung der Daten in umfassendere wissenschaftliche, technische und kulturelle Kontexte zu reflektieren: Wie sind die Daten entstanden, wer hat bei ihrer Gestaltung mitgewirkt, und welche Machtverh\u00e4ltnisse spiegeln sich in ihrer Produktion, Zirkulation und Nutzung wider? Wie bewahren wir diese Kontexte der Datenerstellung, und wie ber\u00fccksichtigen wir sie in der Analyse? Aufbauend auf ethnografische Forschungen zur Arbeit mit Daten behandelt die Keynote Fragen zu Data Work und Data Politics. Digitale Methoden werden als epistemische aber auch soziale und politische Praktiken verstanden. Anhand empirischer Beispiele \u2013 von der Arbeit mit digitalen Daten in der Forschung \u00a0bis zu algorithmischen Entscheidungsprozessen \u2013 wird gezeigt, wie Datenarbeit immer auch eine Form der Aushandlung von Wissen, Autorit\u00e4t und Verantwortung darstellt. Dabei wird deutlich, dass digitale Daten nie neutral sind, sondern in komplexe Machtgef\u00fcge eingebettet und von spezifischen Akteur:innen, Infrastrukturen und Normen gepr\u00e4gt werden. Die Keynote l\u00e4dt dazu ein, die Digital Humanities als kritische Disziplin zu begreifen, die digitale Methoden nicht nur anwendet, sondern auch deren gesellschaftliche Implikationen reflektiert. Wie k\u00f6nnen wir als Forscher:innen der Digital Humanities die Politik der Daten sichtbar machen? Der Vortrag verbindet Theorie, Methode und Praxis und regt zum Dialog \u00fcber die Zukunft digitaler Wissensproduktion an.<\/p>\t\t\t\t\t\t\t\t<\/div>\n\t\t\t\t\t<\/div>\n\t\t\t\t<\/div>\n\t\t<div class=\"elementor-element elementor-element-8c933a8 e-flex e-con-boxed e-con e-parent\" data-id=\"8c933a8\" data-element_type=\"container\" data-e-type=\"container\">\n\t\t\t\t\t<div class=\"e-con-inner\">\n\t\t\t\t<div class=\"elementor-element elementor-element-544b717 elementor-widget elementor-widget-heading\" data-id=\"544b717\" data-element_type=\"widget\" data-e-type=\"widget\" data-widget_type=\"heading.default\">\n\t\t\t\t\t<h2 class=\"elementor-heading-title elementor-size-default\">27.02.2026 um 14:00 Uhr<\/h2>\t\t\t\t<\/div>\n\t\t\t\t<div class=\"elementor-element elementor-element-c64f753 elementor-align-center e-transform elementor-widget elementor-widget-button\" data-id=\"c64f753\" data-element_type=\"widget\" data-e-type=\"widget\" data-settings=\"{&quot;_transform_scale_effect&quot;:{&quot;unit&quot;:&quot;px&quot;,&quot;size&quot;:1.5,&quot;sizes&quot;:[]},&quot;_transform_scale_effect_tablet&quot;:{&quot;unit&quot;:&quot;px&quot;,&quot;size&quot;:&quot;&quot;,&quot;sizes&quot;:[]},&quot;_transform_scale_effect_mobile&quot;:{&quot;unit&quot;:&quot;px&quot;,&quot;size&quot;:&quot;&quot;,&quot;sizes&quot;:[]}}\" data-widget_type=\"button.default\">\n\t\t\t\t\t\t\t\t\t\t<a class=\"elementor-button elementor-button-link elementor-size-sm\" href=\"https:\/\/univienna.zoom.us\/j\/61970600101?pwd=ZZzJl8QytzaqzVhC1r3J2gnbjYPkHl.1\" target=\"_blank\">\n\t\t\t\t\t\t<span class=\"elementor-button-content-wrapper\">\n\t\t\t\t\t\t\t\t\t<span class=\"elementor-button-text\">Zoom-Link<\/span>\n\t\t\t\t\t<\/span>\n\t\t\t\t\t<\/a>\n\t\t\t\t\t\t\t\t<\/div>\n\t\t\t\t\t<\/div>\n\t\t\t\t<\/div>\n\t\t\t\t<\/div>\n\t\t","protected":false},"excerpt":{"rendered":"<p>Opening Keynote Miriah Meyer ist Professorin am Fachbereich Wissenschaft und Technologie der Universit\u00e4t Link\u00f6ping und wird durch das WASP-Programm gef\u00f6rdert. Ihre Forschung konzentriert sich auf die Entwicklung von Visualisierungstools, die eine explorative und reflektierende Datenanalyse unterst\u00fctzen und neue Ideen f\u00fcr die Nutzung von Daten in unserem Leben liefern. Diese Tools erm\u00f6glichen es Menschen, mehr \u00fcber [&hellip;]<\/p>\n","protected":false},"author":6,"featured_media":0,"parent":0,"menu_order":0,"comment_status":"closed","ping_status":"closed","template":"wp-custom-template-footer-german","meta":{"inline_featured_image":false,"footnotes":""},"class_list":["post-791","page","type-page","status-publish","hentry"],"_links":{"self":[{"href":"https:\/\/dhd2026.digitalhumanities.de\/index.php?rest_route=\/wp\/v2\/pages\/791","targetHints":{"allow":["GET"]}}],"collection":[{"href":"https:\/\/dhd2026.digitalhumanities.de\/index.php?rest_route=\/wp\/v2\/pages"}],"about":[{"href":"https:\/\/dhd2026.digitalhumanities.de\/index.php?rest_route=\/wp\/v2\/types\/page"}],"author":[{"embeddable":true,"href":"https:\/\/dhd2026.digitalhumanities.de\/index.php?rest_route=\/wp\/v2\/users\/6"}],"replies":[{"embeddable":true,"href":"https:\/\/dhd2026.digitalhumanities.de\/index.php?rest_route=%2Fwp%2Fv2%2Fcomments&post=791"}],"version-history":[{"count":37,"href":"https:\/\/dhd2026.digitalhumanities.de\/index.php?rest_route=\/wp\/v2\/pages\/791\/revisions"}],"predecessor-version":[{"id":1316,"href":"https:\/\/dhd2026.digitalhumanities.de\/index.php?rest_route=\/wp\/v2\/pages\/791\/revisions\/1316"}],"wp:attachment":[{"href":"https:\/\/dhd2026.digitalhumanities.de\/index.php?rest_route=%2Fwp%2Fv2%2Fmedia&parent=791"}],"curies":[{"name":"wp","href":"https:\/\/api.w.org\/{rel}","templated":true}]}}